rivative of i**4/12 - 5*i**3/3 + 3*i**2 + 2*i. Let x be p(8). List the prime factors of n(x).
2, 5
Suppose -2*g = 71 - 277. What are the prime factors of g?
103
Let j(w) be the third derivative of -w**6/360 - w**5/20 - w**4/24 - w**3/6 + 2*w**2. Let x(c) be the first derivative of j(c). List the prime factors of x(-3).
2
Let h(m) be the third derivative of 1/20*m**5 - 1/6*m**3 + 0*m + 0*m**4 + 0 - m**2. What are the prime factors of h(-1)?
2
What are the prime factors of 5/15*234/2?
3, 13
Let s = 0 + 0. Let j be 1 - ((-1 - s) + -1). Suppose -7*f + 48 = -j*f. What are the prime factors of f?
2, 3
Let c(w) be the second derivative of 5*w**3/6 + 3*w**2 - 4*w. List the prime factors of c(6).
2, 3
What are the prime factors of (-285)/(-2) + 7*1/14?
11, 13
Let l(c) = -c**3 - 3*c**2 + c. Suppose 9 = -0*k + 3*k. Suppose -s - 1 = k. What are the prime factors of l(s)?
2, 3
Let i(j) = 14*j**2 - j - 1. Suppose -2*p + 2 = m, 2*m = 5*p - 2*p - 24. Let q = m + 5. What are the prime factors of i(q)?
2, 7
Suppose -f = 2*g - 8, g + 0*g + 3 = -4*f. Let d = -6 - -18. Suppose -g*b + d + 38 = 0. List the prime factors of b.
2, 5
Let o(j) = j**3 + 6*j**2. List the prime factors of o(-5).
5
Let q(j) be the second derivative of -1/12*j**4 - j**3 - 2*j**2 + 0 - 3*j. List the prime factors of q(-4).
2
Suppose 2*n = -4*n + 102. List the prime factors of n.
17
Let p = -193 - -329. What are the prime factors of p?
2, 17
Let s = 24 - 12. List the prime factors of s.
2, 3
Let w(x) be the first derivative of -2 + 1/2*x**2 - 3*x. List the prime factors of w(6).
3
Suppose -3*h = -5*h - 5*y - 34, 4*y = -h - 20. Let n = h - -21. What are the prime factors of n?
3
Let t be -2*18/(-15)*5. Suppose t*r - 144 = 9*r. List the prime factors of r.
2, 3
Let w = 8 + -7. Suppose -14 = 4*d + 3*b - 43, 2*d - w = 3*b. List the prime factors of d.
5
Let w = 5 + -3. Suppose 0 = b + s, b - 2*s = w*b + 3. List the prime factors of b.
3
Suppose -y + 4*c = -18, 4*c + 16 = 2*y - 0*c. Suppose -3*g - 6*u + 33 = -4*u, 36 = 3*g + 3*u. Let i = y + g. List the prime factors of i.
7
Suppose -2 - 3 = v. What are the prime factors of 2 - 5 - v/1?
2
Let h = -2 - -8. What are the prime factors of 12/(-18) - (-16)/h?
2
Suppose 4*s - 398 = -14. List the prime factors of s.
2, 3
Let g be (-2)/(-8) - 114/(-24). Suppose -3*d = 2*i + 2 - 12, -g*d - 42 = -4*i. What are the prime factors of i?
2
List the prime factors of (-206)/(-10) - (-4)/10.
3, 7
Let i(o) = -o**3 - 5*o**2 - 7*o - 3. List the prime factors of i(-5).
2
Let m = 41 - 22. Let b be (1 - (-7)/(-2))*-2. Suppose 3*v - b*u + m = 0, -v + 2*u - 6 = 2. List the prime factors of v.
2
Let i be -5 + (6 - 3) + 23. Suppose 4*f - f = i. What are the prime factors of f/3 + 2/(-6)?
2
Suppose 18 = 2*f + p - 5, 0 = 2*f - 5*p - 41. List the prime factors of f.
13
Let p(z) = 4*z - 3. Let a(f) = 5*f - 3. Let i(m) = 5*a(m) - 6*p(m). List the prime factors of i(5).
2
List the prime factors of (-2)/(-3)*45/1.
2, 3, 5
Let t be 11/4 + 1/4. Let y be t/(-9) - 39/(-9). What are the prime factors of 46/8 - (-1)/y?
2, 3
Suppose -1 = s + q, -4*s = q + 3 - 2. Suppose d - 10 = -s*g - 3*g, -10 = -d + 5*g. List the prime factors of d.
2, 5
Suppose 3*k - 4*k = -46. What are the prime factors of k?
2, 23
Let m be 6/2*(-10)/(-3). Let n be 4/(16/(-60))*-1. Let w = n - m. List the prime factors of w.
5
Suppose -25 - 23 = -4*b. Let c = 14 - 8. Let d = b - c. List the prime factors of d.
2, 3
Suppose p - 2 - 3 = 0. Let w = p - 1. Suppose 2*t - 4*u = 30 - w, 0 = 2*t + 5*u + 10. What are the prime factors of t?
5
Suppose 5*t - 6 = 9. Suppose 3*o - 6 = t*b, 2*o - 3*b = 6 - 3. Suppose -k + 23 = -5*m + 87, -3*k - 36 = -o*m. What are the prime factors of m?
13
Let j(t) = 31*t - 21. What are the prime factors of j(7)?
2, 7
Let l = -10 + 29. List the prime factors of l.
19
Let t(m) = -m**3 - 9*m**2 + 17*m + 9. List the prime factors of t(-11).
2
Let g be (-3)/6*(1 + -11). Suppose 4*d + g = -7. List the prime factors of 2/d*(-15)/5.
2
Let q(n) = n - 4. Let m be q(6). List the prime factors of 3*(38 - m)/4.
3
Suppose -74*y = -73*y - 134. What are the prime factors of y?
2, 67
Suppose 0 = -4*j + j + 18. Suppose j*p = p. What are the prime factors of 11 + (0 - 2) + p?
3
Let y = -8 + 11. Suppose -22 = -y*a - 4. Let k = a - 3. List the prime factors of k.
3
List the prime factors of ((-1835)/(-15))/(4 - (-44)/(-12)).
367
Suppose 3*c = 2*c - 4. Let n be c/10 + 351/15. Suppose 3*l = q + n, 2*q = 6 + 2. What are the prime factors of l?
3
Let v(n) = n**2 + 3*n + 10. Let g be v(-8). Let c = -36 + g. Suppose t - 4*k + 5*k - c = 0, 4*k = -t + 26. List the prime factors of t.
2, 5
Let h(o) = -o**3 - 12*o**2 - 14*o + 5. What are the prime factors of h(-11)?
2, 19
Suppose -2 = 9*h - 10*h. Suppose 0 = h*g - 5 - 19. List the prime factors of g.
2, 3
Let j be 4/6*(-2 - 1). Let m = j - -8. List the prime factors of m.
2, 3
Let y(f) = 28*f - 40. List the prime factors of y(10).
2, 3, 5
Suppose 0 = 2*u + 3*u. Suppose -2 = -5*g + 4*j + 13, 5*g + 2*j - 15 = u. What are the prime factors of g?
3
Suppose 0 = -5*n - 2*k + 6*k + 20, n + k = 4. Let x be -1 + (-1 - -1 - -1). Suppose -n*o - 8 = -2*u, x = -u + o + 9 - 1. List the prime factors of u.
2, 3
Let j = -4 - -7. Suppose -o + 6 = j. List the prime factors of o.
3
Let j = -2 - -7. Suppose -2*l - 18 = b + 3*l, -b + 22 = -j*l. What are the prime factors of b?
2
Let d(b) = -b**3 - 4*b**2 + 5*b + 3. Let r be d(-5). Suppose v - 4*f + 7 - 34 = 0, -r*v + 3*f + 63 = 0. List the prime factors of v.
19
Let x be 3/(-9) - 20/(-6). Suppose -9 = -x*v, w + 2*w - v + 3 = 0. Suppose w*m + 15 = 5*m. List the prime factors of m.
3
Let i be (-46)/(-10) + 2/5. Suppose d - 9 = 4*d + 5*y, -5*y = 5*d + i. List the prime factors of d/(-8) - 34/(-8).
2
Let n = -220 + 482. What are the prime factors of n?
2, 131
Suppose -7*w + 3*w - 7 = -3*g, 0 = 2*w - 10. Suppose -4*v - 112 = -2*d, -v - d + g = 43. What are the prime factors of v/9*(-3)/2?
5
Let w(v) = v - 4. Suppose -5*f + 2*b = -0 + 2, 2*b = -2*f + 2. Suppose -t = -f - 9. What are the prime factors of w(t)?
5
Suppose -669 - 369 = -6*d. List the prime factors of d.
173
Let l = -8 - -2. Let g = 4 - l. Suppose -g = -4*v + w + w, 5 = -2*v + 3*w. What are the prime factors of v?
5
Let s = 15 + -10. Suppose s*g - 3*n - 52 = -n, 2*g - 4*n = 8. Let r = -7 + g. List the prime factors of r.
5
Suppose 76 = 15*a - 13*a. List the prime factors of a.
2, 19
Suppose -3*a - 15 = 2*a. Let h(l) = 3 - l + 2*l**3 - l**3 + 3*l**2 + 0*l**2. List the prime factors of h(a).
2, 3
Suppose -j + 104 = 3*v, v + v - 41 = 5*j. List the prime factors of v.
3, 11
Suppose 3*z - 4*w + w - 39 = 0, -z - 3*w = -9. Suppose -3*q = -4*j + 23, -j - 1 = 3*q + z. What are the prime factors of -2*j/12*-9?
3
What are the prime factors of (10/(-4) - -2)*-36?
2, 3
Let z(i) = 3*i + 3. Let w be z(6). Suppose 5*o + 4*b - w = 0, -o + 3*o - 5*b = 15. Suppose q - 5*q + 30 = -5*j, 3*q - 20 = o*j. What are the prime factors of q?
2, 5
Let i be 2/(-7) - 253/(-77). Suppose i*n - 79 - 5 = 0. List the prime factors of n.
2, 7
Let t(z) = -z**3 - 13*z**2 - 16*z - 22. List the prime factors of t(-12).
2, 13
Let k be 6/5*(-315)/(-14). Suppose -2 = 5*l + 18. List the prime factors of 249/k - l/(-18).
3
Suppose 0 + 1 = -m. Let d = 8 - m. What are the prime factors of d?
3
Let g be (-35)/(-14)*8/10. Suppose -d + g = -11. What are the prime factors of d?
13
Let f(h) be the first derivative of -h**4/4 - h**2/2 - h + 10. What are the prime factors of f(-2)?
3
Suppose 250 - 1348 = -9*t. List the prime factors of t.
2, 61
Let v(c) = 2*c**2 - 3*c + 1. Let a be v(2). Let h be 2 + a + 2 + -4. Suppose 4*x - 12 = h*x + 2*t, 5*t + 21 = x. List the prime factors of x.
2, 3
Suppose 0*v = 5*v - 245. What are the prime factors of v?
7
Let t = -92 - -161. What are the prime factors of t?
3, 23
Let l = 10 - 3. What are the prime factors of l?
7
Let c = 2 + 0. Suppose 3*z - c*z + 5*b = -17, -3 = -5*z - 3*b. List the prime factors of z.
3
List the prime factors of (-6 - -5)/(2/(-66)).
3, 11
Suppose -6*d + 715 = 5*d. What are the prime factors of d?
5, 13
Suppose -5*w = -3*w + 12. Let c be (3 + 0)*(-4)/w. Suppose 0 = 4*u - 4, -c*g + u = -0 - 17. What are the prime factors of g?
3
Let z = -21 + 10. Let m = z + 20. What are the prime 